prime?
True
Is 27959809 a prime number?
True
Is 3066247 prime?
True
Is 820615027 a composite number?
False
Is 162500903 composite?
False
Is 979228563 a prime number?
False
Is 1701262 a composite number?
True
Is 22499237 a prime number?
False
Is 9956369 prime?
True
Is 431173 prime?
True
Is 11438207 prime?
False
Is 92513501 composite?
False
Is 26388073 a composite number?
True
Is 767381 a composite number?
False
Is 140485 a composite number?
True
Is 5401897 a composite number?
False
Is 292619771 composite?
False
Is 18095861 prime?
False
Is 20131333 composite?
True
Is 73297267 a prime number?
True
Is 556961 composite?
True
Is 79560647 composite?
True
Is 466311713 composite?
True
Is 12972709 composite?
True
Is 80358757 prime?
False
Is 4480681 composite?
False
Is 47090389 a prime number?
False
Is 163319567 a prime number?
False
Is 3397469 a composite number?
False
Is 49318757 composite?
False
Is 39019874 a composite number?
True
Is 52835927 prime?
True
Is 7426441 composite?
True
Is 28163357 prime?
False
Is 9701483 prime?
False
Is 24497353 a composite number?
False
Is 107417 prime?
False
Is 774623 composite?
True
Is 341772511 prime?
False
Is 607924307 prime?
True
Is 26340617 prime?
True
Is 8464801 a composite number?
True
Is 685907 prime?
True
Is 7139777 a prime number?
True
Is 67606001 composite?
True
Is 1226651 a prime number?
True
Is 5908467 a composite number?
True
Is 698661913 a prime number?
True
Is 2550533 composite?
True
Is 2612137 a composite number?
True
Is 9576379 a prime number?
False
Is 80921629 a composite number?
True
Is 16333355 composite?
True
Is 279964393 prime?
False
Is 18826583 composite?
False
Is 30276607 composite?
True
Is 220965917 a prime number?
True
Is 1446971 prime?
True
Is 45047053 composite?
False
Is 746705 a composite number?
True
Is 207397033 a composite number?
True
Is 266331279 a prime number?
False
Is 17550667 a composite number?
False
Is 71132339 prime?
True
Is 133813417 prime?
False
Is 825384229 a prime number?
False
Is 93217801 prime?
True
Is 1244987 a composite number?
False
Is 16137461 a prime number?
True
Is 2007451 a prime number?
True
Is 15104987 composite?
True
Is 500711399 prime?
False
Is 23696579 composite?
True
Is 4314323 a prime number?
False
Is 18635759 prime?
True
Is 4620203 a prime number?
False
Is 465890911 prime?
False
Is 37044433 a prime number?
False
Is 447016299 a composite number?
True
Is 12886147 a composite number?
True
Is 10438913 prime?
True
Is 13031347 a prime number?
False
Is 18868991 a composite number?
True
Is 4433203 composite?
False
Is 28123 a prime number?
True
Is 628339 a prime number?
False
Is 3627527 prime?
False
Is 33306241 a prime number?
True
Is 6962147 a composite number?
False
Is 32117351 composite?
True
Is 161761333 prime?
False
Is 1607237 composite?
False
Is 225571 prime?
False
Is 966287 a composite number?
True
Is 203215351 prime?
False
Is 28341031 a prime number?
True
Is 205393219 a composite number?
True
Is 57733 a prime number?
False
Is 7309739 a prime number?
False
Is 615739 composite?
False
Is 20383489 a prime number?
False
Is 8356631 a prime number?
True
Is 13315681 a prime number?
False
Is 4847269 a composite number?
True
Is 38385467 prime?
True
Is 102077155 composite?
True
Is 894851 composite?
True
Is 187052851 composite?
False
Is 2417901 prime?
False
Is 2047707781 a composite number?
True
Is 115334993 prime?
True
Is 297687619 a composite number?
True
Is 10182779 prime?
False
Is 52590869 prime?
True
Is 12116921 a prime number?
False
Is 33525137 a prime number?
True
Is 313393 composite?
True
Is 46261829 composite?
True
Is 692916509 prime?
False
Is 41199209 a prime number?
True
Is 65557783 prime?
False
Is 468218797 composite?
True
Is 151223 a composite number?
True
Is 68205521 composite?
False
Is 2221823 a prime number?
False
Is 156207523 composite?
False
Is 48802447 prime?
False
Is 2439953 prime?
True
Is 1485227 prime?
True
Is 7917131 a prime number?
False
Is 24790811 composite?
True
Is 84567839 composite?
False
Is 78283783 prime?
True
Is 7871243 a prime number?
True
Is 5991533 a prime number?
True
Is 23262329 composite?
False
Is 115177682 composite?
True
Is 2299723 prime?
False
Is 251795359 composite?
False
Is 4386379 a composite number?
False
Is 58419321 a composite number?
True
Is 1761289 prime?
True
Is 5538385 prime?
False
Is 16634141 prime?
False
Is 1312733 prime?
True
Is 41759 a prime number?
True
Is 8242522 composite?
True
Is 24064267 a composite number?
False
Is 280248581 prime?
True
Is 309930827 composite?
False
Is 5639741 a composite number?
False
Is 18297151 a composite number?
True
Is 68957989 prime?
True
Is 143824781 a prime number?
True
Is 649813 a composite number?
False
Is 145274677 a composite number?
True
Is 36200347 a prime number?
False
Is 7531811 prime?
False
Is 2255717 a prime number?
True
Is 186601667 a prime number?
False
Is 4203821 a prime number?
False
Is 105911833 a prime number?
False
Is 32307185 a composite number?
True
Is 112320986 a prime number?
False
Is 35157763 prime?
True
Is 402277 a prime number?
True
Is 79272159 a composite number?
True
Is 100445855 prime?
False
Is 37352221 a composite number?
False
Is 3466811 prime?
True
Is 580471 composite?
False
Is 2233479 a composite number?
True
Is 11464399 a composite number?
False
Is 2648861 prime?
True
Is 6533113 prime?
True
Is 5129633 a prime number?
False
Is 416084729 composite?
False
Is 140159 a composite number?
False
Is 428951 composite?
False
Is 7152589 a prime number?
False
Is 3768673 a composite number?
False
Is 20488843 composite?
False
Is 112751611 a composite number?
True
Is 12191899 composite?
False
Is 215694431 composite?
True
Is 40423517 composite?
False
Is 2768587 a prime number?
True
Is 7205761 composite?
False
Is 19988737 a composite number?
False
Is 2617381 prime?
False
Is 5924939 a composite number?
False
Is 74138189 composite?
False
Is 95363819 composite?
True
Is 22160858 a composite number?
True
Is 831221 a prime number?
True
Is 73933 a prime number?
False
Is 3993203 a composite number?
True
Is 4747313 a prime number?
True
Is 6317873 a composite number?
False
Is 19153391 composite?
False
Is 29501257 a composite number?
False
Is 34613777 composite?
True
Is 13885559 a prime number?
True
Is 13744223 a prime number?
False
Is 1188149 prime?
True
Is 12095389 a composite number?
False
Is 1947811631 a composite number?
False
Is 83545303 a prime number?
False
Is 117337429 a composite number?
True
Is 75549281 prime?
True
Is 102364541 prime?
True
Is 11473139 a composite number?
False
Is 8161579 a composite number?
False
Is 4630109 composite?
True
Is 4121093 prime?
False
Is 3531271 prime?
True
Is 1713323 a composite number?
True
Is 95631983 a prime number?
True
Is 57348491 a prime number?
False
Is 16319 composite?
False
Is 1926893 a prime number?
True
Is 667417 prime?
True
Is 2817577 a prime number?
False
Is 1104877 composite?
False
Is 5268077 prime?
True
Is 14461147 prime?
False
Is 982764749 prime?
True
Is 14473109 prime?
False
Is 2550253 a prime number?
True
Is 15543599 a composite number?
False
Is 6680143 a prime number?
False
Is 37695571 composite?
False
Is 442979 a composite number?
False
Is 235327681 a prime number?
True
Is 35047391 composite?
True
Is 35437769 a composite number?
True
Is 19595627 composite?
True
Is 14155957 a prime number?
True
Is 1162531 a composite number?
True
Is 7641197 a prime number?
True
Is 1587797 a composite number?
True
Is 29403527 prime?
True
Is 1671907 prime?
True
Is 159176503 composite?
False
Is 3846613 a composite number?
False
Is 2128947 composite?
True
Is 18551119 composite?
False
Is 39204611 prime?
True
Is 4351099 a composite number?
True
Is 1795109 prime?
True
Is 17978117 composite?
False
Is 7353181 composite?
True
Is 50736331 a prime number?
True
Is 3452149 a prime number?
False
Is 31062257 a prime number?
True
Is 288885183 prime?
False
Is 539039 prime?
True
Is 67186303 a composite number?
True
Is 49869629 composite?
False
Is 96867803 composite?
True
Is 26315179 composite?
True
Is 1445903 composite?
True
Is 133573537 a prime number?
True
Is 1020827 a prime number?
True
Is 5546273 a composite number?
False
Is 126481939 prime?
False
Is 32652883 composite?
True
Is 162937 a prime number?
True
Is 207407 prime?
False
Is 7700317 a composite